{"id":7,"date":"2016-02-12T07:54:41","date_gmt":"2016-02-12T07:54:41","guid":{"rendered":"http:\/\/demos.famethemes.com\/onepress\/?page_id=4"},"modified":"2016-02-12T07:54:41","modified_gmt":"2016-02-12T07:54:41","slug":"home","status":"publish","type":"page","link":"https:\/\/rcsirotar.sk\/","title":{"rendered":"Home"},"content":{"rendered":"","protected":false},"excerpt":{"rendered":"","protected":false},"author":2,"featured_media":0,"parent":0,"menu_order":0,"comment_status":"closed","ping_status":"closed","template":"template-frontpage.php","meta":{"_monsterinsights_skip_tracking":false,"_monsterinsights_sitenote_active":false,"_monsterinsights_sitenote_note":"","_monsterinsights_sitenote_category":0,"footnotes":""},"class_list":["post-7","page","type-page","status-publish","hentry"],"yoast_head":"<!-- This site is optimized with the Yoast SEO plugin v27.1.1 - https:\/\/yoast.com\/product\/yoast-seo-wordpress\/ -->\n<title>Home - Rodinn\u00e9 centrum Sirot\u00e1r<\/title>\n<meta name=\"robots\" content=\"index, follow, max-snippet:-1, max-image-preview:large, max-video-preview:-1\" \/>\n<link rel=\"canonical\" href=\"https:\/\/rcsirotar.sk\/\" \/>\n<meta property=\"og:locale\" content=\"sk_SK\" \/>\n<meta property=\"og:type\" content=\"article\" \/>\n<meta property=\"og:title\" content=\"Home - Rodinn\u00e9 centrum Sirot\u00e1r\" \/>\n<meta property=\"og:url\" content=\"https:\/\/rcsirotar.sk\/\" \/>\n<meta property=\"og:site_name\" content=\"Rodinn\u00e9 centrum Sirot\u00e1r\" \/>\n<meta name=\"twitter:card\" content=\"summary_large_image\" \/>\n<script type=\"application\/ld+json\" class=\"yoast-schema-graph\">{\"@context\":\"https:\/\/schema.org\",\"@graph\":[{\"@type\":\"WebPage\",\"@id\":\"https:\/\/rcsirotar.sk\/\",\"url\":\"https:\/\/rcsirotar.sk\/\",\"name\":\"Home - Rodinn\u00e9 centrum Sirot\u00e1r\",\"isPartOf\":{\"@id\":\"https:\/\/rcsirotar.sk\/#website\"},\"datePublished\":\"2016-02-12T07:54:41+00:00\",\"breadcrumb\":{\"@id\":\"https:\/\/rcsirotar.sk\/#breadcrumb\"},\"inLanguage\":\"sk-SK\",\"potentialAction\":[{\"@type\":\"ReadAction\",\"target\":[\"https:\/\/rcsirotar.sk\/\"]}]},{\"@type\":\"BreadcrumbList\",\"@id\":\"https:\/\/rcsirotar.sk\/#breadcrumb\",\"itemListElement\":[{\"@type\":\"ListItem\",\"position\":1,\"name\":\"Home\",\"item\":\"https:\/\/rcsirotar.sk\/\"},{\"@type\":\"ListItem\",\"position\":2,\"name\":\"Home\"}]},{\"@type\":\"WebSite\",\"@id\":\"https:\/\/rcsirotar.sk\/#website\",\"url\":\"https:\/\/rcsirotar.sk\/\",\"name\":\"Rodinn\u00e9 centrum Sirot\u00e1r\",\"description\":\"\",\"publisher\":{\"@id\":\"https:\/\/rcsirotar.sk\/#organization\"},\"potentialAction\":[{\"@type\":\"SearchAction\",\"target\":{\"@type\":\"EntryPoint\",\"urlTemplate\":\"https:\/\/rcsirotar.sk\/?s={search_term_string}\"},\"query-input\":{\"@type\":\"PropertyValueSpecification\",\"valueRequired\":true,\"valueName\":\"search_term_string\"}}],\"inLanguage\":\"sk-SK\"},{\"@type\":\"Organization\",\"@id\":\"https:\/\/rcsirotar.sk\/#organization\",\"name\":\"Rodinn\u00e9 centrum Sirot\u00e1r\",\"url\":\"https:\/\/rcsirotar.sk\/\",\"logo\":{\"@type\":\"ImageObject\",\"inLanguage\":\"sk-SK\",\"@id\":\"https:\/\/rcsirotar.sk\/#\/schema\/logo\/image\/\",\"url\":\"https:\/\/rcsirotar.sk\/wp-content\/uploads\/2019\/05\/RC-Sirot\u00e1r-logo_web_logo.jpg\",\"contentUrl\":\"https:\/\/rcsirotar.sk\/wp-content\/uploads\/2019\/05\/RC-Sirot\u00e1r-logo_web_logo.jpg\",\"width\":100,\"height\":101,\"caption\":\"Rodinn\u00e9 centrum Sirot\u00e1r\"},\"image\":{\"@id\":\"https:\/\/rcsirotar.sk\/#\/schema\/logo\/image\/\"}}]}<\/script>\n<!-- \/ Yoast SEO plugin. -->","yoast_head_json":{"title":"Home - Rodinn\u00e9 centrum Sirot\u00e1r","robots":{"index":"index","follow":"follow","max-snippet":"max-snippet:-1","max-image-preview":"max-image-preview:large","max-video-preview":"max-video-preview:-1"},"canonical":"https:\/\/rcsirotar.sk\/","og_locale":"sk_SK","og_type":"article","og_title":"Home - Rodinn\u00e9 centrum Sirot\u00e1r","og_url":"https:\/\/rcsirotar.sk\/","og_site_name":"Rodinn\u00e9 centrum Sirot\u00e1r","twitter_card":"summary_large_image","schema":{"@context":"https:\/\/schema.org","@graph":[{"@type":"WebPage","@id":"https:\/\/rcsirotar.sk\/","url":"https:\/\/rcsirotar.sk\/","name":"Home - Rodinn\u00e9 centrum Sirot\u00e1r","isPartOf":{"@id":"https:\/\/rcsirotar.sk\/#website"},"datePublished":"2016-02-12T07:54:41+00:00","breadcrumb":{"@id":"https:\/\/rcsirotar.sk\/#breadcrumb"},"inLanguage":"sk-SK","potentialAction":[{"@type":"ReadAction","target":["https:\/\/rcsirotar.sk\/"]}]},{"@type":"BreadcrumbList","@id":"https:\/\/rcsirotar.sk\/#breadcrumb","itemListElement":[{"@type":"ListItem","position":1,"name":"Home","item":"https:\/\/rcsirotar.sk\/"},{"@type":"ListItem","position":2,"name":"Home"}]},{"@type":"WebSite","@id":"https:\/\/rcsirotar.sk\/#website","url":"https:\/\/rcsirotar.sk\/","name":"Rodinn\u00e9 centrum Sirot\u00e1r","description":"","publisher":{"@id":"https:\/\/rcsirotar.sk\/#organization"},"potentialAction":[{"@type":"SearchAction","target":{"@type":"EntryPoint","urlTemplate":"https:\/\/rcsirotar.sk\/?s={search_term_string}"},"query-input":{"@type":"PropertyValueSpecification","valueRequired":true,"valueName":"search_term_string"}}],"inLanguage":"sk-SK"},{"@type":"Organization","@id":"https:\/\/rcsirotar.sk\/#organization","name":"Rodinn\u00e9 centrum Sirot\u00e1r","url":"https:\/\/rcsirotar.sk\/","logo":{"@type":"ImageObject","inLanguage":"sk-SK","@id":"https:\/\/rcsirotar.sk\/#\/schema\/logo\/image\/","url":"https:\/\/rcsirotar.sk\/wp-content\/uploads\/2019\/05\/RC-Sirot\u00e1r-logo_web_logo.jpg","contentUrl":"https:\/\/rcsirotar.sk\/wp-content\/uploads\/2019\/05\/RC-Sirot\u00e1r-logo_web_logo.jpg","width":100,"height":101,"caption":"Rodinn\u00e9 centrum Sirot\u00e1r"},"image":{"@id":"https:\/\/rcsirotar.sk\/#\/schema\/logo\/image\/"}}]}},"_links":{"self":[{"href":"https:\/\/rcsirotar.sk\/index.php?rest_route=\/wp\/v2\/pages\/7","targetHints":{"allow":["GET"]}}],"collection":[{"href":"https:\/\/rcsirotar.sk\/index.php?rest_route=\/wp\/v2\/pages"}],"about":[{"href":"https:\/\/rcsirotar.sk\/index.php?rest_route=\/wp\/v2\/types\/page"}],"author":[{"embeddable":true,"href":"https:\/\/rcsirotar.sk\/index.php?rest_route=\/wp\/v2\/users\/2"}],"replies":[{"embeddable":true,"href":"https:\/\/rcsirotar.sk\/index.php?rest_route=%2Fwp%2Fv2%2Fcomments&post=7"}],"version-history":[{"count":1,"href":"https:\/\/rcsirotar.sk\/index.php?rest_route=\/wp\/v2\/pages\/7\/revisions"}],"predecessor-version":[{"id":1561,"href":"https:\/\/rcsirotar.sk\/index.php?rest_route=\/wp\/v2\/pages\/7\/revisions\/1561"}],"wp:attachment":[{"href":"https:\/\/rcsirotar.sk\/index.php?rest_route=%2Fwp%2Fv2%2Fmedia&parent=7"}],"curies":[{"name":"wp","href":"https:\/\/api.w.org\/{rel}","templated":true}]}}